{"id":200,"date":"2021-06-25T21:37:23","date_gmt":"2021-06-25T21:37:23","guid":{"rendered":"https:\/\/ventayrentacamasdehospital.com\/?post_type=product&#038;p=200"},"modified":"2024-09-06T15:03:41","modified_gmt":"2024-09-06T15:03:41","slug":"cama-hill-rom-totalcare-ip-1900","status":"publish","type":"product","link":"https:\/\/ventayrentacamasdehospital.com\/index.php\/product\/cama-hill-rom-totalcare-ip-1900\/","title":{"rendered":"Cama Hill-Rom Totalcare IP 1900 Reacondicionada"},"content":{"rendered":"<p>Caracter\u00edsticas de la superficie del paciente<\/p>\n<p>Altura m\u00e1xima: 74\u2033 (188 cm)<br \/>\nAncho m\u00e1ximo: 36\u2033 (91,4 cm)<br \/>\nPeso m\u00e1ximo: 500 libras (226,8 kg)*<br \/>\nPeso m\u00ednimo: 70 libras (32,0 kg)<br \/>\n*Incluye colch\u00f3n, bombas intravenosas, bastones, bolsas, etc. La precisi\u00f3n de la b\u00e1scula puede disminuir si el peso del paciente supera las 400 libras. (181,4 kg).<\/p>\n<p>El rendimiento de la presi\u00f3n de la interfaz del colch\u00f3n puede disminuir si el peso del paciente supera las 300 libras (136,1 kg).<\/p>\n<p>Capacidad de pesaje: 400 libras (181,4 kg)<br \/>\nCarga m\u00e1xima de trabajo segura: 500 lbs. (226,8 kg)<br \/>\nAltura de la cama<\/p>\n<p>Posici\u00f3n baja (altura m\u00ednima): 17,5\u2033 (44,5 cm)<br \/>\nPosici\u00f3n alta (altura m\u00e1xima): 36,5\u2033 (92,7 cm)*<br \/>\n*Agregue 17,75\u2033 (45,09 cm) a la altura m\u00e1xima de la cama con las barandillas hacia arriba.<\/p>\n<p>Superficie de sue\u00f1o<\/p>\n<p>Ancho m\u00e1ximo (barandillas hacia abajo): 36\u2033 (91 cm)<br \/>\nAncho m\u00e1ximo (barandillas arriba): 40\u2033 (102 cm)<br \/>\nLargo total: 84\u2033 (213 cm)<br \/>\nLongitud total de la cama con protectores de rodillos: 93,5\u2033 (237,5 cm)<br \/>\nLongitud retra\u00edda: 81,5\u2033 (207,01 cm)<br \/>\nRetracci\u00f3n del pie: 12\u2033 (30,5 cm)<br \/>\nAncho del soporte del colch\u00f3n: 35\u2033 (89 cm)<br \/>\nLongitud del soporte del colch\u00f3n: 84\u2033 (213,4 cm)<br \/>\nAltura de la cabecera y el pie de cama<\/p>\n<p>Altura m\u00e1xima del cabecero: 54,25\u2033 (137,80 cm)<br \/>\nAltura m\u00e1xima del estribo: 54,25\u2033 (137,80 cm)<br \/>\nAltura de la barandilla<\/p>\n<p>Altura m\u00e1xima: 54,25\u2033 (137,80 cm)<br \/>\nLiquidaci\u00f3n de la cama<\/p>\n<p>Espacio libre m\u00ednimo debajo de la cama: 4,75\u2033 (12,1 cm)<br \/>\nRango alto-bajo<\/p>\n<p>Rango total Hi-Lo: 19\u2033 (48,26 cm)<br \/>\nArticulaciones de cama<\/p>\n<p>Elevaci\u00f3n m\u00e1xima de la cabecera de la cama: 0\u00b0 \u2013 75\u00b0<br \/>\nElevaci\u00f3n m\u00e1xima de la rodilla: 0\u00b0 \u2013 20\u00b0<br \/>\nElevaci\u00f3n de contorno autom\u00e1tica m\u00e1xima: 0\u00b0 \u2013 15\u00b0<br \/>\nContorno autom\u00e1tico abajo: 28\u00b0<br \/>\nContorno autom\u00e1tico (rodilla): 10\u00b0<br \/>\nPie: 85\u00b0 hacia abajo<br \/>\nMesa inclinada preliminar: 20\u00b0<br \/>\nPlataforma articulada: 32,5\u2033 x 84\u2033 (82,6 cm x 213,4 cm)<br \/>\nTrendelenburg m\u00e1ximo\/Reversa: 15\u00b0\/ 15\u00b0<\/p>\n","protected":false},"excerpt":{"rendered":"<p>La cama TotalCare cuenta con controles manuales e hidr\u00e1ulicos con los que el cuidador puede cambiar f\u00e1cilmente la superficie del paciente en numerosas posiciones desde cualquier lado. Los interruptores de voltaje operan los controles el\u00e9ctricos y son accesibles tanto para el cuidador como para el paciente. Los controles manuales permiten operar y ajustar la cama durante el transporte cuando no hay energ\u00eda el\u00e9ctrica disponible. Las funciones de subir\/bajar la cabeza, las rodillas, los pies y la cama se operan f\u00e1cilmente a trav\u00e9s del control manual hidr\u00e1ulico, y los cuidadores tienen disponible una funci\u00f3n de bloqueo para desactivar las funciones de articulaci\u00f3n del sistema de la cama.<\/p>\n<p>Las configuraciones con colchones de aire incluyen una superficie de aire motorizada dise\u00f1ada para mejorar la comodidad con protecciones para ayudar en la prevenci\u00f3n y el tratamiento de las \u00falceras por presi\u00f3n.<\/p>\n<p>Debido a su versatilidad y facilidad de uso en situaciones de emergencia, esta cama es ideal para la atenci\u00f3n de pacientes agudos, atenci\u00f3n m\u00e9dica\/quir\u00fargica, atenci\u00f3n postanest\u00e9sica y ciertos departamentos de emergencia.<\/p>\n","protected":false},"featured_media":292,"comment_status":"open","ping_status":"closed","template":"","meta":{"om_disable_all_campaigns":false,"_monsterinsights_skip_tracking":false,"_monsterinsights_sitenote_active":false,"_monsterinsights_sitenote_note":"","_monsterinsights_sitenote_category":0,"site-sidebar-layout":"default","site-content-layout":"default","ast-main-header-display":"","ast-hfb-above-header-display":"","ast-hfb-below-header-display":"","ast-hfb-mobile-header-display":"","site-post-title":"","ast-breadcrumbs-content":"","ast-featured-img":"","footer-sml-layout":"","theme-transparent-header-meta":"default","adv-header-id-meta":"","stick-header-meta":"","header-above-stick-meta":"","header-main-stick-meta":"","header-below-stick-meta":""},"product_cat":[18],"product_tag":[],"class_list":["post-200","product","type-product","status-publish","has-post-thumbnail","hentry","product_cat-https-ventayrentacamasdehospital-com-index-php-shop"],"_links":{"self":[{"href":"https:\/\/ventayrentacamasdehospital.com\/index.php\/wp-json\/wp\/v2\/product\/200","targetHints":{"allow":["GET"]}}],"collection":[{"href":"https:\/\/ventayrentacamasdehospital.com\/index.php\/wp-json\/wp\/v2\/product"}],"about":[{"href":"https:\/\/ventayrentacamasdehospital.com\/index.php\/wp-json\/wp\/v2\/types\/product"}],"replies":[{"embeddable":true,"href":"https:\/\/ventayrentacamasdehospital.com\/index.php\/wp-json\/wp\/v2\/comments?post=200"}],"version-history":[{"count":3,"href":"https:\/\/ventayrentacamasdehospital.com\/index.php\/wp-json\/wp\/v2\/product\/200\/revisions"}],"predecessor-version":[{"id":293,"href":"https:\/\/ventayrentacamasdehospital.com\/index.php\/wp-json\/wp\/v2\/product\/200\/revisions\/293"}],"wp:featuredmedia":[{"embeddable":true,"href":"https:\/\/ventayrentacamasdehospital.com\/index.php\/wp-json\/wp\/v2\/media\/292"}],"wp:attachment":[{"href":"https:\/\/ventayrentacamasdehospital.com\/index.php\/wp-json\/wp\/v2\/media?parent=200"}],"wp:term":[{"taxonomy":"product_cat","embeddable":true,"href":"https:\/\/ventayrentacamasdehospital.com\/index.php\/wp-json\/wp\/v2\/product_cat?post=200"},{"taxonomy":"product_tag","embeddable":true,"href":"https:\/\/ventayrentacamasdehospital.com\/index.php\/wp-json\/wp\/v2\/product_tag?post=200"}],"curies":[{"name":"wp","href":"https:\/\/api.w.org\/{rel}","templated":true}]}}